lculate the highest common factor of 15 and y.
5
Suppose -2*v - 40 = -4*x + 108, -2*x - 326 = 4*v. Let m = v + 77. Let p be m + -3*2*(-92)/24. Calculate the highest common factor of 30 and p.
10
Let g be -33 + (-2 - (1 - 1)). Let u(h) = 46*h**2 - 4*h + 4. Let f be u(1). Let c = g + f. What is the greatest common divisor of 55 and c?
11
Suppose 0*r - 3*r + 77 = 2*h, -3*h + 5*r = -125. Let m = h + -37. Suppose -m*s + 7*s = 80. What is the highest common factor of 70 and s?
10
Suppose -3*q + 94 = 19. Let f be 14809/118 - ((-1)/2 - -1). Calculate the highest common factor of q and f.
25
Suppose -44*h - 6668 = 4*h - 22220. Calculate the highest common divisor of h and 4896.
36
Let i(l) = l**3 - 15*l**2 - 4*l + 4. Let p be i(15). Let j = p - -61. Suppose -92 = -2*b - z + 12, 10 = j*z. What is the greatest common factor of 17 and b?
17
Let f = -19 - -22. Suppose -f*k = 3*k - 1680. Suppose -4*m - k = -9*m. Calculate the greatest common divisor of m and 8.
8
Let x(j) = -38*j**3 - 3*j**2 - j. Let y be x(-1). Suppose 0 = 5*r - 2*h - 111 - 187, 4*h - 124 = -2*r. What is the highest common factor of r and y?
12
Suppose 347 = 19*s - 641. What is the greatest common factor of 832 and s?
52
Let p be (-7)/(10 - (2 - -7)) + 7332. Calculate the greatest common divisor of p and 25.
25
Let f(n) = 2*n**3 - 21*n**2 - 11*n + 7. Let s = 39 + -37. Suppose -13 = -s*o + 9. Let x be f(o). Calculate the greatest common factor of 28 and x.
7
Let c be (9071/188)/((-5)/(-112)) + (-6)/(-30). What is the greatest common factor of c and 1403?
23
Suppose 409 = 6*u - 95. What is the greatest common factor of 8960 and u?
28
Suppose 137*b - 16002 - 12213 = 42*b. What is the greatest common factor of b and 209?
11
Let g = 4898 + -4786. Calculate the greatest common divisor of 2968 and g.
56
Let s be ((-6)/(-4) - 4)*-14. Suppose 4*k - 992 = 3*u, -3*k - 104 = -3*u - 851. What is the highest common divisor of s and k?
35
Let i(b) = 4192*b - 603. Let t be i(6). Calculate the highest common factor of t and 147.
147
Let k(n) be the second derivative of -n**3 - 39*n**2/2 - 29*n. Let m be k(-8). What is the highest common factor of 81 and m?
9
Let q be (312/(-234))/(4/(-150)). Calculate the greatest common factor of 4850 and q.
50
Let w(q) = 4*q**3 + 60*q**2 + 18*q + 97. Let p be w(-7). What is the greatest common factor of 1083 and p?
57
Suppose -5*d = -y - d - 10, 3*y - 4*d + 6 = 0. Let n(a) = -747*a + 739*a + y*a**2 + 4 - a**2. Let s be n(9). What is the highest common factor of s and 13?
13
Let o(v) = -v**3 - 11*v**2 + 13*v + 342. Let a be o(-10). What is the highest common divisor of 6496 and a?
112
Suppose -64 = 25*x - 29*x. Suppose -28*h = -x*h - 96. Calculate the highest common divisor of 472 and h.
8
Suppose -1224 - 496 = -59*r - 68. What is the greatest common divisor of 12572 and r?
28
Suppose -2*w - 4*s = -2932, 2*w + s - 1461 = w. Let d = w + -805. What is the highest common factor of 21 and d?
21
Let f(z) = -485*z - 10008. Let q be f(-22). Calculate the greatest common factor of 24 and q.
2
Let x = 2563 + -2518. What is the highest common divisor of 4545 and x?
45
Let q be (700/5 - 2)*(1 - -3). Calculate the greatest common divisor of q and 168.
24
Let s be 2*12/(-8)*(-340)/(-3). Let i = s - -349. Suppose 3*d + 24 = 186. What is the greatest common factor of i and d?
9
Suppose 5*a = -5*q + 315, 5*q = 4*q + 5*a + 69. Suppose 13*u - q = 5*u. Suppose 4*t + 56 = u*t. What is the greatest common divisor of t and 154?
14
Let l(w) = -2*w + 1. Let q be l(-2). Suppose q*a = 2 - 7. Let y be (-15)/10*((-30)/(-9))/a. What is the highest common divisor of y and 15?
5
Suppose 0 = 8*y + 5067 - 61267. Calculate the greatest common divisor of y and 150.
25
Suppose -3*k = -100 - 68. Suppose 6 = -4*r + 22. Suppose 331 = 4*t - y, -r*t = y - 5*y - 316. What is the greatest common divisor of t and k?
28
Let b = 2417 + -1959. Calculate the greatest common divisor of b and 2.
2
Let z be (4 - 22/6)/((-6)/(-23400)). Calculate the greatest common factor of 450 and z.
50
Let y be 238/4*156/91. Let n(z) = 0*z + z + 2*z - 6. Let r be n(4). What is the highest common divisor of y and r?
6
Let r(k) = -13*k**3 + 144*k**2 - 4*k - 30. Let x be r(10). What is the highest common divisor of 399 and x?
133
Suppose -8*z + 48 - 32 = 0, 0 = -5*f - 5*z + 40. What is the greatest common factor of 822 and f?
6
Let m = 463 - 202. Calculate the highest common factor of m and 477.
9
Let d(g) be the third derivative of -19*g**6/120 + g**5/20 - g**4/12 - g**3/2 + 12*g**2 + g. Let n be d(-1). What is the greatest common divisor of n and 21?
21
Let j(c) = -700*c + 56. Let t be j(-8). Let f be t/16 - (-6)/(-4). Calculate the greatest common factor of f and 66.
22
Let g(v) = 152*v - 2427. Let m be g(16). Let q be (10 - 0) + 8/4. Suppose 3*j - q = 48. Calculate the highest common divisor of m and j.
5
Suppose 59*i = 31*i + 26*i + 20. Suppose 5*b - b + 32 = 0. Let y = b + 13. Calculate the greatest common divisor of y and i.
5
Let b be 3/2*18/9. Suppose -13*r + 10 = -b*r. Let f = 19 + r. Calculate the highest common factor of 100 and f.
20
Let r = 34 + -18. Let h be 10*(r/(-4) + 6). What is the highest common divisor of 220 and h?
20
Suppose 21*z - 79*z = -145580. Calculate the highest common divisor of 10 and z.
10
Suppose 3124 = 27*h - 2141 + 513. Let f(a) = 13*a - 2*a**2 + 5 + 4 + 1 - 5. Let l be f(6). Calculate the greatest common divisor of h and l.
11
Let z = -40 + 52. Let y = -10 + z. Suppose 0 = y*n - 0*n - r - 5, 5*n - 7 = -3*r. Calculate the greatest common divisor of n and 16.
2
Let n be (774 + (-8 - -15))/1. Let c = -561 + n. What is the highest common divisor of c and 132?
44
Suppose -7*f + 6*f - 5*q + 3316 = 0, -2*f - 4*q = -6638. What is the highest common factor of 54 and f?
27
Let v = 245 + -243. Suppose -c = c + v*y - 76, 5*c - 2*y = 211. Calculate the greatest common divisor of c and 246.
41
Suppose -403 - 36 = -3*i - 2*f, 0 = 3*i - 2*f - 419. Calculate the greatest common factor of i and 260.
13
Suppose -1179*a + 1197*a = 11970. What is the greatest common factor of 140 and a?
35
Let j = -379 - -787. Let t = j - 368. What is the greatest common divisor of 8 and t?
8
Let b be (-3)/(((-6)/(-3))/((-66)/(-1))). Suppose -15 = -4*z + 3*d - 2*d, 0 = -z + 3*d - 10. Let v = z - b. What is the greatest common divisor of 13 and v?
13
Let x(b) = -b**3 + 72*b**2 - 618*b + 89. Let w be x(62). What is the greatest common factor of 12 and w?
3
Suppose -19*c + 1383745 = 26*c - 1082255. Calculate the greatest common divisor of 274 and c.
274
Suppose 4*k - 14260 = -5*b, 10*b = 2*k + 8*b - 7130. Calculate the highest common divisor of k and 23.
23
Let r(m) = -m**2 + 17*m - 50. Let g be r(12). Let k = g - -18. What is the greatest common divisor of k and 28?
28
Let n be 45/(-6)*(-54)/135. Let i(b) = 2*b**2 - 3*b - 2. Let v be i(3). Calculate the highest common factor of n and v.
1
Let l(g) = 15*g**2 + g + 2. Let z be l(-2). Let y(h) = 927*h + 4740. Let q be y(-5). What is the greatest common divisor of z and q?
15
Let u = 57 - 52. Let n = -70 + 134. Suppose -5*z - u*c = -365, -z + c + c + n = 0. Calculate the greatest common divisor of 10 and z.
10
Let o be 424/56 - 8 - 73/(-7). What is the greatest common factor of 1250 and o?
10
Suppose -5*u + 67 = 5*n - 268, 3*u - 561 = -8*n. What is the greatest common factor of 279 and n?
9
Let o(z) = -2*z**2 + 65*z - 111. Let f be o(30). Suppose 0 = -5*a - 5*m + 855, -1 = -3*m + 5. Calculate the greatest common factor of a and f.
13
Suppose 382 + 369 = 88*k + 47. What is the highest common factor of 97 and k?
1
Let j(q) = q**2 + q - 14. Let x be j(-6). Suppose -x*r + 2*r = -1960. Calculate the highest common factor of r and 20.
20
Let d = -3686 - -4295. What is the greatest common factor of d and 189?
21
Let v = -19512 - -20425. What is the greatest common divisor of v and 143?
11
Suppose 5*d = -2*n - 2*n + 37, -5*d - n + 43 = 0. Suppose d*m - 325 = -91. Let h(a) = 7*a**2 + 2. Let p be h(3). What is the greatest common divisor of p and m?
13
Let m(t) = 11*t + 19. Let h(b) = -6*b - 55. Let c be h(-9). Let p be m(c). Calculate the highest common factor of p and 88.
8
Let h(b) = 2*b**3 - b**2 - 11*b + 2. Let j be h(9). Calculate the highest common factor of j and 2400.
160
Let u(v) = v**3 - 1